*y + 253170. Calculate m(25).
-5
Let u(k) = -k**3 - 66*k**2 - 59*k - 246. Calculate u(-65).
-636
Let z(x) = 458*x - 30131. What is z(70)?
1929
Let c(n) = -n**3 + 22*n**2 - n - 31. What is c(14)?
1523
Let n(f) = 3*f**3 + 15*f**2 - 1479*f - 7414. Determine n(-5).
-19
Let m(g) = -7*g**2 + 104*g - 714. Calculate m(12).
-474
Let i(y) = y**3 - 109*y**2 + 3146*y - 137222. Determine i(91).
6
Let v(b) = -3*b**3 - 743*b**2 - 1963*b - 750. Calculate v(-245).
-15
Let x(h) = -8*h**3 + 3570*h**2 + 2705*h - 10310. Calculate x(447).
-29
Let u(x) = -667*x - 32781. What is u(-49)?
-98
Let f(x) = x**3 - 489*x**2 + 496*x - 2830. Calculate f(488).
1074
Let q(x) = -164*x**3 + 4*x**2 + 26*x - 15. Give q(2).
-1259
Let q(y) = -78*y**2 - 3276*y + 17. Determine q(-42).
17
Let c(q) = -213*q + 47312. Give c(222).
26
Let h(x) = 3645*x + 94630. What is h(-26)?
-140
Let n(m) = -2*m**2 - 6850*m - 3139197. Calculate n(-545).
3
Let u(w) = 2037*w - 8140. Determine u(4).
8
Let j(z) = 5*z**3 - z**2 + 99*z + 84. What is j(0)?
84
Let v(x) = -x**3 - 862*x**2 - 37*x - 31670. Calculate v(-862).
224
Let g(w) = -482*w - 103202. What is g(-215)?
428
Let u(y) = -3*y**2 - 84*y - 546. Give u(-34).
-1158
Let n(y) = -6*y**2 + 21871*y + 197318. Give n(-9).
-7
Let d(r) = -30*r + 17287. Calculate d(575).
37
Let k(c) = 5*c**3 + 177*c**2 + 542*c - 321. Give k(-32).
-257
Let f(m) = 4*m**2 - 25*m - 1396. Give f(-22).
1090
Let p(a) = -a**3 - 2*a**2 + 421*a - 8610. Calculate p(-28).
-14
Let d(b) = 5*b**3 + 3*b**2 + 52*b - 469. What is d(0)?
-469
Let h(f) = 177*f + 2040. Calculate h(-12).
-84
Let c(m) = -5*m**2 - 2807*m + 146230. Give c(48).
-26
Let j(m) = -11095*m + 465988. Calculate j(42).
-2
Let v(l) = 278*l**2 - 3096*l + 60. Give v(9).
-5286
Let c(l) = l**3 + 233*l**2 + 1388*l + 158. What is c(-6)?
2
Let k(r) = 1619*r + 12279. What is k(-8)?
-673
Let p(f) = f**2 - 4815*f + 48056. What is p(10)?
6
Let i(g) = -131*g - 69333. What is i(-529)?
-34
Let m(d) = 3689*d - 306191. Give m(83).
-4
Let y(v) = -17*v**2 - 1083*v + 19078. Give y(-78).
124
Let i(m) = -m**2 - 1850*m + 50445. Determine i(27).
-234
Let y(q) = 23909*q + 264353. What is y(-11)?
1354
Let g(f) = 10078*f - 5321154. Give g(528).
30
Let p(g) = 11*g**3 - 1352*g**2 - 155*g + 3956. Calculate p(123).
20
Let z(r) = -5*r**2 + 243*r + 24955. What is z(99)?
7
Let l(y) = 2*y**2 - 73*y + 1780. Determine l(25).
1205
Let x(y) = 263*y - 7809. Determine x(30).
81
Let l(s) = 1619*s - 20125. What is l(12)?
-697
Let t(u) = 622722*u - 2490873. Determine t(4).
15
Let m(f) = -317*f**3 - 132508*f**2 - 834*f + 811. Calculate m(-418).
-25
Let v(o) = -51*o**2 - 1220*o + 219. Calculate v(-23).
1300
Let p(j) = 91147*j + 3919343. Give p(-43).
22
Let r(z) = z**3 + 64*z**2 + 100*z + 6371. What is r(-64)?
-29
Let c(x) = 2*x**2 + 147*x - 159. Give c(-81).
1056
Let l(u) = u**3 - 9*u**2 + 58*u - 446. Calculate l(12).
682
Let n(o) = -272*o**2 + 1761*o + 3330. What is n(8)?
10
Let y(l) = 38*l**3 + 2*l**2 - 18*l - 100. Calculate y(-4).
-2428
Let w(u) = 2192*u - 244707. Calculate w(112).
797
Let q(x) = -211*x + 10150. Calculate q(49).
-189
Let q(n) = 11*n**2 + 586*n + 7821. What is q(-27)?
18
Let h(a) = 3*a**2 - 29*a - 149. Calculate h(26).
1125
Let p(g) = -46*g - 451. What is p(-5)?
-221
Let a(c) = -2*c**3 - 835*c**2 + 2113*c + 5184. Determine a(-420).
-276
Let a(c) = 13*c**2 - 78*c + 4. Give a(5).
-61
Let m(y) = -1269*y + 105333. What is m(83)?
6
Let v(w) = 24*w - 347. Calculate v(6).
-203
Let b(d) = -330*d**2 - 41*d + 22. Give b(0).
22
Let a(q) = -2806*q + 2769. Calculate a(1).
-37
Let b(s) = -2*s**3 + 162*s**2 - 10800*s + 874795. What is b(81)?
-5
Let b(r) = -3*r**3 + 54*r**2 + 511*r + 57. Determine b(25).
-293
Let l(s) = s**2 + 1771*s - 21412. Calculate l(12).
-16
Let w(i) = -12493*i - 99946. Give w(-8).
-2
Let q(x) = -2*x**3 - 240*x**2 - 1470*x - 621. Determine q(-6).
-9
Let j(v) = -51853*v + 103778. Give j(2).
72
Let q(x) = -64*x**3 + 202*x**2 - 8*x + 13. Give q(3).
79
Let u(z) = z**3 + 108*z**2 + 442*z + 2928. What is u(-104)?
224
Let c(o) = -74*o + 26199. What is c(354)?
3
Let d(f) = -f**3 - 24*f**2 - 93*f + 716. What is d(-13)?
66
Let t(j) = 3*j**3 - 45*j**2 - 1776*j + 98. Determine t(-18).
-10
Let z(r) = -226*r + 31048. Give z(155).
-3982
Let f(i) = 86*i**2 + 2830*i - 238. Calculate f(-33).
26
Let o(u) = -2*u**2 + 254*u - 7255. Calculate o(44).
49
Let r(z) = -15*z**2 - 2654*z + 2657. Calculate r(1).
-12
Let n(v) = 17496*v + 122524. Calculate n(-7).
52
Let j(g) = -6608*g - 409535. Calculate j(-62).
161
Let n(q) = -q**2 + 221*q - 4194. Give n(201).
-174
Let q(x) = 274*x + 32335. What is q(-118)?
3
Let w(h) = 6*h**2 + 124*h - 78. Give w(-22).
98
Let p(v) = 9*v**2 + 952*v - 11488. What is p(11)?
73
Let f(c) = 2*c**3 + 267*c**2 - 6312*c + 273. Determine f(-154).
-35
Let r(k) = 1156*k - 573364. What is r(496)?
12
Let d(x) = 3*x**3 + 220*x**2 + 2845*x + 221487. Determine d(-74).
5
Let o(n) = -n**2 - 521*n - 67645. Give o(-246).
5
Let z(f) = 1014565*f - 6087411. Give z(6).
-21
Let s(y) = -697*y**2 - 12549*y - 31. Give s(-18).
23
Let f(w) = w**2 + 45*w - 266. What is f(-65)?
1034
Let d(w) = 4*w**3 + 1589*w**2 - 1173*w + 8386. What is d(-398)?
28
Let n(m) = -27*m**2 + 26446*m + 26445. Calculate n(-1).
-28
Let l(j) = 2012*j - 357850. Calculate l(178).
286
Let k(c) = -c**2 + 1836*c - 296512. What is k(179)?
91
Let k(x) = -x**3 - 19*x**2 + 272*x + 4929. Give k(-18).
-291
Let o(v) = -2*v**2 - 89*v + 4372. Determine o(33).
-743
Let n(j) = -118953*j + 356855. Determine n(3).
-4
Let h(f) = 77*f**3 - 15865*f**2 + 619*f - 129. Give h(206).
77
Let j(u) = 1203*u - 11194. Calculate j(9).
-367
Let s(m) = 3*m**2 + 360*m + 3585. What is s(-11)?
-12
Let l(f) = 8*f**2 + 3275*f + 105846. Calculate l(-374).
4
Let z(u) = -2*u**3 - 2135*u**2 + 948373*u - 2813. Calculate z(-1405).
-3
Let u(c) = 136045*c + 952325. What is u(-7)?
10
Let k(g) = 3*g**3 - 134*g**2 - 1409*g + 444. Give k(-9).
84
Let y(z) = -z**3 + 20*z**2 - 59*z + 2292. Determine y(21).
612
Let r(z) = -2*z**3 + 99*z**2 - 992*z - 35. Determine r(14).
-7
Let u(x) = x**3 + x**2 + 792*x - 1601. Determine u(2).
-5
Let c(n) = -n**3 - 3*n**2 - 30*n + 347. What is c(6)?
-157
Let x(s) = s**3 + 2820*s**2 - 39675*s - 9. Give x(14).
5
Let w(d) = 3398*d - 479117. What is w(141)?
1
Let h(n) = -21*n**3 - 1280*n + 1280. Give h(1).
-21
Let q(j) = 17*j**2 - 11810*j + 248349. What is q(673)?
12
Let n(s) = -241*s - 4072. Give n(-28).
2676
Let u(g) = -g**3 + 28*g**2 + 13*g - 9. Calculate u(29).
-473
Let i(v) = -138*v - 493. Determine i(-1).
-355
Let d(m) = m**3 - 59*m**2 - 765*m - 423. Determine d(70).
-73
Let d(r) = 2359*r - 342058. Determine d(145).
-3
Let j(g) = 3567*g - 2029717. Determine j(569).
-94
Let c(v) = -1431*v - 18572. Give c(-13).
31
Let u(b) = 23*b**3 - 3*b**2 - 79*b + 173. Give u(2).
187
Let j(p) = -2941*p + 55811. What is j(19)?
-68
Let c(l) = l**3 - 20*l**2 - 384*l + 5246. What is c(27)?
-19
Let m(x) = -521*x**2 - 6555*x + 2840. Determine m(-13).
6
Let r(a) = -19*a**2 + 1081*a + 7194. What is r(-6)?
24
Let k(o) = -3*o**2 + 209*o - 6970. Determine k(34).
-3332
Let w(x) = 4376*x**3 - 31*x**2 - 38*x - 8. Calculate w(-1).
-4377
Let w(f) = f**3 - 28*f**2 + 200*f - 19. Calculate w(15).
56
Let y(r) = -r**3 + 47*r**2 + 184*r + 1014. Calculate y(51).
-6
Let v(s) = -9*s**2 - 11981*s + 166785. Calculate v(-1345).
5
Let k(b) = -46*b**2 - 935*b + 144. Calculate k(-20).
444
Let k(j) = -1863*j - 114939. Calculate k(-62).
567
Let d(f) = -9768*f**2 - 1230767*f + 131. Give d(-126).
5
Let b(a) = -a**3 + 20*a**2 + 3986*a - 83265. What is b(21)?
0
Let s(u) = -89*u**2 + 2047*u - 5332. Determine s(20).
8
Let w(h) = 33566*h + 671147. Give w(-20).
-173
Let g(y) = -13*y**3 - 14*y**2 - 3*y - 93. Give g(-5).
1197
Let j(z) = -7204*z + 21617. Determine j(3).
5
Let t(o) = -17566*o + 140720. Determine t(8).
192
Let k(h) = -28*h - 2873. What is k(51)?
-4301
Let r(k) = 561*k - 27465. Calculate r(57).
4512
Let m(l) = -5*l**3 - 823*l**2 - 1303*l - 101. Give m(-163).
-264
Let b(n) = 106*n**2 - 1019*n + 1436. Determine b(8).
68
Let w(x) = -x**2 - 6*x + 7238. Calculate w(82).
22
Let y(x) = -x**2 - 6806*x + 529962. Calculate y(77).
-29
Let h(p) = -4*p**3 - 3*p**2 - 895*p - 7051. Determine h(-8).
1965
Let o(z) = -13*z**2 - 3333*z + 2158. Give o(-257).
102
Let d(r) = 908*r + 71